- 31 + 7. Calculate the highest common divisor of b and 84.
12
Suppose x - 6*x + 625 = 0. Calculate the greatest common factor of 50 and x.
25
Suppose -114 = -0*z - 4*z - 3*y, -4*z - 4*y = -112. Let b(l) = -l**3 + 7*l**2 - 4*l - 2. Let c be b(6). What is the highest common divisor of c and z?
10
Let c = 44 - 16. Suppose -2*l + c = -112. Calculate the greatest common divisor of l and 28.
14
Let x be -3 + 5 + -3 - -7. Let k = 19 - 2. Let p = 29 - k. Calculate the greatest common factor of x and p.
6
Let p(s) be the second derivative of -s**4/12 + 3*s**2/2 - 4*s. Let r be p(0). What is the greatest common divisor of 3 and r?
3
Suppose -3*u = -u - 14. Calculate the greatest common factor of u and 63.
7
Suppose -3*d - 5*h = -112, -5*d + h + 4*h + 240 = 0. What is the highest common divisor of d and 2?
2
Let z = 5 + -5. Suppose z*s = -s + 12. Suppose -3*g + 44 = 4*i, -g + 18 = -i + 4*i. What is the greatest common factor of s and g?
12
Let f(k) = 5*k - 13. Let v be f(5). Let g(j) = 2*j - 8. Let y be g(6). Calculate the highest common divisor of v and y.
4
Let l(f) = -35*f - 7. Let c be l(-3). What is the highest common divisor of 14 and c?
14
Let w = -17 - -44. Calculate the greatest common divisor of 18 and w.
9
Let d(r) = -r**3 - 10*r**2 - 6*r - 20. Let t be d(-10). What is the highest common divisor of 16 and t?
8
Let w(j) = 0 + 3*j + 1 - 3. Let p be w(3). Suppose 2*h - 12 = -2*s, 0 = 2*h - 4*h - s + p. Calculate the greatest common factor of h and 1.
1
Suppose -c + 6*h - 7*h + 23 = 0, 2*c + 5*h = 52. What is the greatest common factor of c and 231?
21
Let i(x) = 2*x**2 + x - 3. Suppose -11 - 13 = -6*s. Let t be i(s). What is the greatest common divisor of t and 11?
11
Let k be (-14)/(-1)*330/35. Suppose 2*j + k = 4*l, 3*l + 2*l = -j + 179. What is the greatest common divisor of 7 and l?
7
Suppose -90 + 114 = 4*f. What is the highest common factor of f and 78?
6
Suppose 0*v = 5*v - 275. Let l = -25 + 47. What is the greatest common divisor of l and v?
11
Let b be 2 + -3 + 12/2. Suppose h = 35 - b. Suppose -q + 15 = 3. What is the highest common factor of h and q?
6
Let s(k) = k**2 - 10*k - 1. Let i be s(9). Let n = i + 14. Calculate the highest common factor of n and 10.
2
Suppose 32 = -4*z + 8*z. Let t = z - 4. Let a be ((-8)/(-10))/(t/10). Calculate the greatest common factor of a and 2.
2
Let q = 636 + -427. What is the greatest common divisor of q and 19?
19
Let c = -64 + 69. What is the highest common factor of c and 1?
1
Let b(i) = 3*i + 4. Let m = 0 + -9. Let l be (-1)/2 + m/(-2). Let f be b(l). What is the highest common factor of f and 128?
16
Suppose 0 = -4*k + 2*k + 10. Suppose -5*t + 0*y + y + 57 = 0, t - 1 = -k*y. What is the greatest common divisor of 88 and t?
11
Let p(m) = -6*m + 2. Let k(y) = y + 1. Let n(w) = 4*k(w) - p(w). Let a be n(2). Calculate the highest common factor of 88 and a.
22
Suppose 2*x + 29 = 2*s - x, -15 = 3*x. Suppose -i + 29 + s = 0. Calculate the highest common divisor of i and 12.
12
Let z = 30 - 10. Let o = -179 - -379. Let t = o - -20. What is the highest common factor of z and t?
20
Let r be (-1)/2*0/1. Suppose 5*c - 2*u = 834, r*c - 2*u = c - 174. What is the greatest common factor of c and 21?
21
Suppose -39 = -4*i - 23. Suppose -18 = -2*k - 8, -k = -i*h + 131. What is the greatest common divisor of h and 238?
34
Let a(w) be the second derivative of w**4/6 + 5*w**3/6 + w. Let z be a(-4). Let j(g) = 6*g. Let k be j(5). What is the greatest common divisor of k and z?
6
Let d = 78 + -45. What is the greatest common factor of d and 22?
11
Let y = 40 - -42. Calculate the highest common factor of y and 205.
41
Suppose -4*d = -3*d + 12. Let b(s) = s**2 + 7*s + 12. Let c be b(-8). Let m = d + c. Calculate the highest common factor of m and 8.
8
Let k be 9/3*1/1. Suppose -k*n - h = -4*n + 11, 5*n - 25 = -h. Calculate the greatest common factor of n and 6.
6
Let l(n) = n - 13. Let o be l(19). Calculate the greatest common factor of o and 66.
6
Suppose 0 = 7*f - 4*f. Suppose f*n - n + 4*y + 13 = 0, 5*y - 5 = 0. Calculate the highest common divisor of 119 and n.
17
Suppose -g + 2*g = 4. Let i be g/(-6) + 82/6. Let r(l) = -66*l - 121. Let z be r(-4). Calculate the highest common divisor of i and z.
13
Let q(z) = -7*z**3 - z - 1. Let f be q(-1). Let k be 58/8 + (-3)/12. Let s be k*3 + -2 + 2. Calculate the highest common factor of f and s.
7
Let w = -7 + 11. Suppose -w = v - 3*v. Suppose -b = 4*o - 507, v*b - b + 133 = o. Calculate the highest common factor of 16 and o.
16
Let b be 43/3 - (-6)/9. Calculate the highest common divisor of b and 15.
15
Let r be (-1)/1*0/2. Suppose r = -3*l - 0*l + 15. Suppose 5*v - 46 - 4 = 0. What is the greatest common factor of v and l?
5
Let m(f) = -f + 4. Let y be (-4 + -1)*(-4)/(-10). Let j be (y + 30/4)*-2. Let q be m(j). Calculate the highest common factor of 15 and q.
15
Let c be -1 + 0 + (70 - -15). What is the highest common factor of c and 12?
12
Let z(u) be the second derivative of 4*u**3/3 - 2*u**2 + 3*u. Let h be z(5). What is the highest common divisor of h and 9?
9
Let f = -31 - -66. Calculate the greatest common factor of 21 and f.
7
Let l be 0/(-1 - 2) + 2. Suppose 2*d - 1 = 3*y - l*y, 3*y + 3*d - 33 = 0. Calculate the greatest common factor of 63 and y.
7
Let n(i) = -143*i + 1. Let z be n(-1). Suppose -2*f + 49 = 1. What is the greatest common divisor of z and f?
24
Suppose 0 = -3*c - 0*c - a + 147, 2*c + 4*a = 98. Calculate the highest common divisor of c and 245.
49
Suppose 2*f + 3*f + 34 = u, 5*f = 2*u - 73. Calculate the highest common factor of u and 429.
39
Suppose -3*x = d - 3, -5*d + 2*x + x = -69. What is the greatest common factor of d and 8?
4
Suppose 2*u = u + 20. Let y be 3/6 - (-417)/2. Suppose 351 + y = 4*v. What is the highest common divisor of v and u?
20
Suppose -17*f = -13*f - 324. What is the greatest common factor of f and 9?
9
Let f be (-12)/(-7) - 2/(-7). Let a(m) = 2*m + 5*m**2 - 3*m**2 - f + 1. Let t be a(2). Calculate the highest common factor of 77 and t.
11
Let z = 2 + 2. Suppose -25 = -z*b + 27. Calculate the greatest common divisor of 39 and b.
13
Let i be 10 + 3 + 3 + 9/(-3). Calculate the highest common divisor of 143 and i.
13
Let o = -16 - -10. Let i(p) = -p**2 - 9*p + 2. Let g be i(o). What is the highest common factor of g and 8?
4
Let d(q) = 2*q**2 - 6*q - 1. Let a be d(6). Calculate the greatest common divisor of 7 and a.
7
Let k(j) = 28*j**2. Let b = 4 - 4. Let y be b*(-3)/(-6) - -1. Let q be k(y). Calculate the highest common factor of 4 and q.
4
Let i be (-4232)/(-299) + 2/(-13). Calculate the highest common divisor of 98 and i.
14
Let a(c) = 34*c + 4. Let p be a(2). What is the highest common divisor of p and 9?
9
Let v = 155 + -351. Let j be ((-1)/(-2))/((-2)/v). Calculate the highest common divisor of 7 and j.
7
Suppose -219 = -3*z - 27. Calculate the highest common factor of 16 and z.
16
Suppose 4*z - 32 = -4*d, 2*z + 3*z = 3*d. Suppose d*v - 4*j - 180 = 0, -j - 144 = -3*v - v. Calculate the highest common divisor of 4 and v.
4
Suppose -14 - 1 = -5*w. Suppose -3*j + 21 = u - 6, 2*u + 5*j = 53. What is the greatest common factor of w and u?
3
Suppose d + l - 6 = 0, 0*d - 6 = -3*d + l. Calculate the highest common divisor of 15 and d.
3
Let i = 10 - 3. Let y = i - 4. Suppose 9*r = 18*r - 18. What is the highest common divisor of y and r?
1
Let d be 4/((-2)/8*-2). Let i = 3 - 3. Let l = d + i. Calculate the greatest common divisor of l and 20.
4
Suppose -2*z + 51 = -z + 5*b, 0 = -5*z - 3*b + 233. Calculate the greatest common divisor of z and 69.
23
Let z be (21 - (-1 - -1)) + 3. What is the highest common factor of z and 36?
12
Suppose 5*u - 3 = 4*u. Suppose -4*v = 5*o - 3*o - 18, -9 = -u*o. Suppose -3*t = -5*f - 37, -v*t + 4 = 3*f - 17. What is the greatest common factor of 9 and t?
9
Let o = -4 + 2. Let t be (-78)/(-21) + o/(-7). Suppose 4 = -t*g + 36. What is the greatest common factor of 16 and g?
8
Let u be ((-14)/(-21))/((-4)/318). Let j = u + 113. Let t = -30 + j. Calculate the greatest common factor of 75 and t.
15
Let a be -90*(0 - (-20)/(-6)). Suppose 2*n = -3*n + a. Let v = -18 + n. Calculate the highest common divisor of v and 14.
14
Let c(k) = 2*k**2 + 8*k + 2. Let h(a) = -2*a + 6. Let y be h(6). Let u be c(